 p**3 + 3*p**2 - 7*p + 4. Give s(-4).
16
Let x(k) = k**2 - 13*k + 6. Give x(11).
-16
Let r(z) = z**3 + 20*z**2 - 47*z - 57. Determine r(-22).
9
Let z(i) = 3*i**3 - 3*i**2 + i - 1. Give z(2).
13
Let a(t) = t**3 + 35*t**2 - 35*t + 43. Determine a(-36).
7
Let a(f) = -f**2 - 16*f. Give a(-15).
15
Let w(h) = 2*h**3 + 2*h**2 + 2*h + 1. What is w(-1)?
-1
Let g(c) = c - 10. Calculate g(17).
7
Let k(w) = 14*w - 8. Give k(1).
6
Let d(x) = -2*x + 37. Calculate d(15).
7
Let c(v) = -3*v**2 + 8*v + 5. Calculate c(4).
-11
Let r(y) = -5*y**2 + 20*y + 8. Calculate r(7).
-97
Let c(k) = k**2 - k. Calculate c(3).
6
Let s(a) = a**2 - 7*a - 40. Calculate s(7).
-40
Let i(x) = 9*x + 93. Calculate i(-13).
-24
Let r(p) = 6*p**2 + 6*p - 16. What is r(2)?
20
Let w(q) = q**2 + 25*q + 48. What is w(-20)?
-52
Let d(y) = y**2 - 26*y - 60. Give d(-2).
-4
Let u(j) = -5*j**2 + 147*j - 53. Calculate u(29).
5
Let k(t) = -t**3 - 4*t**2 + 24*t + 85. What is k(-5)?
-10
Let x(d) = -5*d**2 - 4*d + 4. Calculate x(-2).
-8
Let a(c) = -c**2 + 12*c - 16. What is a(17)?
-101
Let v(z) = -z**3 + 5*z**2 + 13*z + 4. Give v(7).
-3
Let c(b) = 2*b**2 - b - 2. Give c(-1).
1
Let h(d) = -4*d**2 + d - 14. What is h(0)?
-14
Let a(p) = p**2 + 23*p + 13. What is a(-23)?
13
Let h(c) = -c**2 + 14*c - 2. Give h(14).
-2
Let m(i) = -i**2 - 6*i - 5. Determine m(-1).
0
Let b(h) = h**2 - 9*h + 4. What is b(9)?
4
Let h(f) = 5*f - 8. Calculate h(-4).
-28
Let u(n) = n**2 + 15*n - 15. Give u(-12).
-51
Let m(z) = z**3 + 3*z**2 + 9*z + 9. Give m(-2).
-5
Let w(d) = d - 5. Determine w(-4).
-9
Let v(s) = 9*s + 49. Give v(0).
49
Let d(n) = -n**2 + 13*n + 1. Calculate d(14).
-13
Let r(v) = 9*v - 3. Calculate r(-4).
-39
Let n(v) = v**3 + 6*v**2 + 4. Give n(-4).
36
Let r(z) = -z**3 + 31*z**2 + 30*z - 16. Determine r(32).
-80
Let c(z) = -4*z**3 - 8*z**2 - 4*z + 4. Calculate c(-3).
52
Let n(r) = 2*r**3 - 62*r**2 - r + 42. What is n(31)?
11
Let p(l) = 5*l + 7. Calculate p(7).
42
Let p(k) = -k + 25. Calculate p(0).
25
Let z(x) = 2*x + 22. What is z(-12)?
-2
Let y(j) = 4*j + 6. Determine y(-6).
-18
Let m(y) = -14*y + 39. Calculate m(8).
-73
Let x(w) = -2*w**3 + 35*w**2 - 50*w + 32. What is x(16)?
0
Let u(t) = -t**3 + 11*t**2 - 8*t - 21. What is u(10)?
-1
Let f(p) = -2*p - 5. Determine f(4).
-13
Let c(a) = a + 14. Calculate c(-8).
6
Let c(q) = 11*q + 1. Determine c(-4).
-43
Let h(o) = o**2 + 5*o - 7. Give h(-7).
7
Let l(q) = q**2 + 19*q + 37. Determine l(-17).
3
Let x(w) = -w**2 - 24*w - 7. Give x(-20).
73
Let w(r) = -2*r**2 - 7*r. Determine w(-4).
-4
Let i(w) = -40*w**2 + 2*w + 1. Calculate i(-1).
-41
Let j(o) = o**3 - 5*o**2 + o - 10. What is j(5)?
-5
Let w(h) = -8*h**2. Determine w(1).
-8
Let v(l) = 8*l**2 - 71*l - 12. What is v(9)?
-3
Let t(y) = y**3 - y**2 - 4*y. What is t(3)?
6
Let v(k) = 150*k - 295. Determine v(2).
5
Let n(q) = -4*q**3 - 3*q**2 - q + 3. Give n(-2).
25
Let i(q) = q**3 + 12*q**2 + 9*q + 2. Determine i(-11).
24
Let a(i) = 2*i**3 + 56*i**2 - 60*i - 67. Determine a(-29).
-9
Let k(j) = j**2 - 7*j - 7. Give k(10).
23
Let n(a) = 12*a - 2. Give n(3).
34
Let b(n) = n - 7. Determine b(6).
-1
Let y(x) = x**3 - 9*x**2 + 4*x - 1. Determine y(8).
-33
Let w(i) = i**3 + 22*i**2 + 19*i - 39. Determine w(-21).
3
Let r(s) = -2*s**3 - 24*s**2 + 18*s + 17. Determine r(-13).
121
Let y(x) = -x**2 + 10*x - 31. Calculate y(7).
-10
Let b(g) = 15*g + 413. Calculate b(-28).
-7
Let g(d) = 2*d - 11. Determine g(3).
-5
Let k(q) = q**2 - 5*q - 2. Determine k(5).
-2
Let t(i) = i**2 - i - 2. Give t(5).
18
Let c(s) = s**3 - 3*s**2 - 32*s + 19. Determine c(7).
-9
Let w(g) = 2*g - 1. Give w(6).
11
Let n(u) = -u**3 + 15*u**2 - 18*u + 43. What is n(14)?
-13
Let a(c) = 2*c**3 + 2*c**2 - c + 1. What is a(-2)?
-5
Let f(m) = -6*m - 44. What is f(-8)?
4
Let s(z) = 6*z - 30. Calculate s(3).
-12
Let y(f) = -f**2 + 9*f + 28. Determine y(8).
36
Let j(r) = r**2 - 8*r. Determine j(7).
-7
Let b(q) = -2*q**2 + 3*q + 7. Calculate b(3).
-2
Let y(d) = -2*d**2 - 100*d + 324. Give y(-53).
6
Let j(b) = b**2 + b - 24. Give j(0).
-24
Let r(d) = d - 4. What is r(-4)?
-8
Let m(s) = 133*s + 2. Determine m(-1).
-131
Let v(b) = 17*b + 5. Give v(4).
73
Let a(m) = -2*m**2 + 22*m - 53. What is a(8)?
-5
Let q(s) = -s**3 - 8*s**2 + 7*s - 17. Calculate q(-9).
1
Let h(b) = -b**2 - 2*b + 2. Determine h(3).
-13
Let p(a) = -7*a + 44. Determine p(7).
-5
Let y(c) = -c**2. Determine y(-3).
-9
Let l(c) = 4*c + 40. What is l(-11)?
-4
Let z(t) = 2*t**3 - 3*t**2 - 3*t - 2. Determine z(-2).
-24
Let k(d) = d**3 + 3*d**2 + 4*d - 1. What is k(-3)?
-13
Let y(k) = -k**3 - 6*k**2 - 3*k - 5. What is y(-6)?
13
Let x(p) = p**2 + 23*p - 26. Give x(-25).
24
Let s(i) = i**3 - 6*i**2 - 2*i + 18. Calculate s(6).
6
Let z(d) = -d**3 + 4*d**2 + 29. Give z(6).
-43
Let j(q) = -4*q**2 - 17*q - 1. What is j(-4)?
3
Let t(j) = 2*j**2 - 5*j + 2. What is t(4)?
14
Let n(o) = -o**2 + 4*o + 6. Determine n(0).
6
Let b(w) = 2*w**2 - 90*w + 8. Calculate b(45).
8
Let w(l) = -2*l**3 + 21*l**2 - 27*l + 1. Give w(9).
1
Let y(h) = -2*h**3 - 15*h**2 - 3*h + 54. Calculate y(-7).
26
Let d(b) = b**2 + 6*b - 5. Give d(-8).
11
Let y(w) = 4*w - 10. What is y(4)?
6
Let p(y) = y**3 + 9*y**2 + 9*y + 22. Calculate p(-8).
14
Let g(v) = -7*v - 1. Determine g(-2).
13
Let d(j) = 2*j**3 + 14*j**2 + 3*j + 4. Determine d(-7).
-17
Let s(v) = -5*v - 104. Determine s(-20).
-4
Let i(l) = 4*l + 1. Determine i(2).
9
Let b(g) = -3*g**2 + 66*g + 77. What is b(23)?
8
Let w(k) = 30*k**2 - k - 1. Calculate w(2).
117
Let b(w) = -10*w**3 + 2*w**2 - w - 3. Determine b(-2).
87
Let d(y) = -3*y + 19. Determine d(10).
-11
Let t(w) = w**2 + 9*w + 1. What is t(-6)?
-17
Let f(c) = 11*c**3 + 2*c**2 + 25*c + 24. Determine f(-1).
-10
Let v(x) = -5*x - 9. What is v(-7)?
26
Let z(b) = 14*b + 1. What is z(2)?
29
Let a(b) = -2*b**3 + 15*b**2 + 8*b - 10. Determine a(8).
-10
Let l(v) = -v + 24. Calculate l(8).
16
Let a(t) = t**2 + 6*t + 11. Give a(-6).
11
Let d(x) = -x**2 + 8*x - 9. Determine d(10).
-29
Let a(v) = -v**3 - 10*v**2 - 7*v + 10. Calculate a(-9).
-8
Let n(g) = -7*g + 2. Give n(3).
-19
Let v(k) = -15*k**3 - 2*k**2 + 1. Give v(1).
-16
Let x(z) = 2*z**3 + 8*z**2 + z - 10. Give x(-4).
-14
Let b(i) = i**3 + 11*i**2 + 33*i + 9. Calculate b(-6).
-9
Let i(y) = -y**3 + 6*y**2 - 12*y + 14. Determine i(6).
-58
Let l(n) = -n**3 - 10*n**2 - 20*n - 93. What is l(-9)?
6
Let i(k) = -k + 3. Determine i(-9).
12
Let d(x) = x**2 - 2*x - 55. Determine d(-7).
8
Let m(t) = 21*t - 143. Determine m(9).
46
Let d(x) = -x**3 + 6*x**2 + 8*x + 4. Determine d(7).
11
Let o(s) = -s**2 + 5*s + 24. Determine o(8).
0
Let n(p) = -4*p + 35. Determine n(10).
-5
Let w(g) = 2*g + 43. What is w(-20)?
3
Let h(n) = n**2 - 10*n + 18. Give h(8).
2
Let g(d) = -18*d**2 - 5*d + 6. Determine g(1).
-17
Let c(k) = 7*k - 68. What is c(9)?
-5
Let s(y) = 5*y**3 + y + 2. Calculate s(-2).
-40
Let m(x) = 5*x**2 - x + 1. Give m(1).
5
Let p(i) = 4*i - 48. Give p(13).
4
Let m(v) = -38*v - 4. What is m(-2)?
72
Let m(l) = l - 5. What is m(5)?
0
Let i(k) = -8*k + 218. Calculate i(21).
50
Let d(y) = -2*y. Give d(-15).
30
Let s(g) = g**3 + 3*g**2 + g + 3. Calculate s(-3).
0
Let q(a) = a**3 + 10*a**2 + 12*a - 11. Calculate q(-9).
-38
Let x(k) = -k**2 + 9*k + 42. Give x(13).
-10
Let v(o) = 72*o - 354. Determine v(5).
6
Let a(x) = -x**2 + 6*x - 13. What is a(12)?
-85
Let v(t) = -t**2 + 4. What is v(3)?
-5
Let f(k) = 3*k**2 + 50*k - 14. Calculate f(-17).
3
Let y(j) = 11*j + 20. What is y(-2)?
-2
Let x(h) = 2*h**2 + 4*h - 1. Determine x(-3).
5
Let f(u) = u**3 - 7*u**2 - 10*u + 13. What is f(8)?
-3
Let g(a) = 3*a. Calculate g(-2).
-6
Let k(p) = -p**3 + 6*p**2 - p - 3. Give k(4).
25
Let i(q) = -3*q**2 - 1. Calculate i(1).
-4
Let s(g) = g**3 + 6*g**2 - 8*g - 9. Determine s(-6).
39
Let y(w) = -38*w**3 - 2*w**2 + w. Calculate y(1).
-39
Let b(l) = -l**2 - 4*l - 6. Give b(-4).
-6
Let r(z) = -z**3 + 7*z**2 - 4*z + 2. What is r(6)?
14
Let k(z) = -z**3 - 5*z**2 + 3*z + 5. What is k(-4)?
-23
Let w(z) = -6*z**2 - 10*z - 18. What is w(-2)?
-22
Let x(b) = 4*b + 15. Calculate x(9).
51
Let f(x) = 48*x + 38. Give f(-1).
-10
Let g(f) = 11*f + 3. Give g(-2).
-19
Let m(d) = -d**3 - 8*d**2 + d - 9. What is m(-8)?
-17
Let p(s) = s**3 + 18*s**2 - 14. What is p(-18)?
-14
Let g(y) = 2*y + 5. What is g(2)?
9
Let h(l) = 6*l - 18. Calculate h(4).
6
Le